ded by 26.
20
What is the remainder when 937624 is divided by 80?
24
What is the remainder when 26959375 is divided by 2686?
2679
Calculate the remainder when 17842242 is divided by 115.
107
Calculate the remainder when 145342743 is divided by 145342742.
1
What is the remainder when 75303 is divided by 348?
135
What is the remainder when 1301855 is divided by 2199?
47
Calculate the remainder when 355841 is divided by 60.
41
Calculate the remainder when 15293 is divided by 1889.
181
Calculate the remainder when 14809317 is divided by 37.
30
What is the remainder when 3980131 is divided by 23551?
12
Calculate the remainder when 131842284 is divided by 21.
0
Calculate the remainder when 23535785 is divided by 5.
0
What is the remainder when 16920052 is divided by 402857?
58
What is the remainder when 1500264 is divided by 452?
76
Calculate the remainder when 14473723 is divided by 2067670.
33
What is the remainder when 3680569 is divided by 230025?
169
Calculate the remainder when 102822915 is divided by 516698.
13
What is the remainder when 10443928 is divided by 8096?
88
What is the remainder when 9700 is divided by 1373?
89
What is the remainder when 28751070 is divided by 682?
678
Calculate the remainder when 67584913 is divided by 14.
11
What is the remainder when 1061323 is divided by 27?
7
What is the remainder when 621406 is divided by 6227?
4933
What is the remainder when 3176108 is divided by 18?
8
Calculate the remainder when 139749575 is divided by 412.
411
What is the remainder when 19717723 is divided by 586?
581
What is the remainder when 59132624 is divided by 18?
14
What is the remainder when 162800 is divided by 39095?
6420
Calculate the remainder when 61339179 is divided by 400.
379
What is the remainder when 201706 is divided by 1374?
1102
What is the remainder when 44219337 is divided by 6317047?
8
What is the remainder when 3210693 is divided by 45210?
783
Calculate the remainder when 177029 is divided by 186.
143
What is the remainder when 183442732 is divided by 8338306?
0
What is the remainder when 521495 is divided by 2154?
227
What is the remainder when 168530 is divided by 42127?
22
What is the remainder when 2660822 is divided by 6474?
8
Calculate the remainder when 81110 is divided by 7441.
6700
What is the remainder when 286051137 is divided by 17878196?
1
What is the remainder when 163661 is divided by 40816?
397
What is the remainder when 6198549 is divided by 45915?
24
What is the remainder when 38688 is divided by 38612?
76
What is the remainder when 1154935 is divided by 384954?
73
What is the remainder when 121274 is divided by 59911?
1452
What is the remainder when 148631 is divided by 12184?
2423
What is the remainder when 1764029 is divided by 2000?
29
Calculate the remainder when 62136 is divided by 7767.
0
What is the remainder when 82010 is divided by 3457?
2499
What is the remainder when 4393552 is divided by 49365?
67
Calculate the remainder when 91798807 is divided by 171.
22
What is the remainder when 36131479 is divided by 31?
18
What is the remainder when 9814476 is divided by 16?
12
Calculate the remainder when 3192501 is divided by 331.
6
Calculate the remainder when 1743652 is divided by 290608.
4
Calculate the remainder when 151903 is divided by 886.
397
What is the remainder when 108823043 is divided by 680144?
3
Calculate the remainder when 1359724 is divided by 397.
396
Calculate the remainder when 8518225 is divided by 3710.
65
What is the remainder when 40644887 is divided by 134?
7
Calculate the remainder when 55600 is divided by 3028.
1096
Calculate the remainder when 35007 is divided by 34843.
164
Calculate the remainder when 2452980 is divided by 34069.
12
Calculate the remainder when 171973 is divided by 3908.
21
Calculate the remainder when 10375531 is divided by 4402.
17
What is the remainder when 645494 is divided by 24?
14
What is the remainder when 418266 is divided by 3654?
1710
Calculate the remainder when 10772750 is divided by 3590886.
92
What is the remainder when 3165046 is divided by 633008?
6
What is the remainder when 156332724 is divided by 5?
4
What is the remainder when 604419 is divided by 7028?
11
Calculate the remainder when 67640 is divided by 2179.
91
What is the remainder when 399057 is divided by 198331?
2395
Calculate the remainder when 380030 is divided by 3653.
118
What is the remainder when 427817 is divided by 85415?
742
What is the remainder when 3593540 is divided by 3827?
3814
What is the remainder when 10041912 is divided by 493?
488
What is the remainder when 1330695 is divided by 1302?
51
What is the remainder when 2792100 is divided by 12087?
3
Calculate the remainder when 170037 is divided by 56633.
138
What is the remainder when 7741025 is divided by 1935256?
1
What is the remainder when 83759 is divided by 27916?
11
Calculate the remainder when 3125648 is divided by 275.
273
Calculate the remainder when 12512946 is divided by 98.
12
Calculate the remainder when 6257662 is divided by 13.
8
Calculate the remainder when 100178 is divided by 2131.
21
Calculate the remainder when 377907 is divided by 47237.
11
What is the remainder when 85782 is divided by 84751?
1031
Calculate the remainder when 16149523 is divided by 321.
13
Calculate the remainder when 153347194 is divided by 12.
10
What is the remainder when 5880179 is divided by 4311?
4286
What is the remainder when 18612608 is divided by 527?
22
Calculate the remainder when 503869 is divided by 2729.
1733
What is the remainder when 431827 is divided by 46905?
9682
What is the remainder when 6819 is divided by 2158?
345
What is the remainder when 19651 is divided by 2068?
1039
What is the remainder when 4926294 is divided by 120?
54
What is the remainder when 96571 is divided by 1966?
237
What is the remainder when 426432 is divided by 1385?
1237
Calculate the remainder when 297463 is divided by 99075.
238
Calculate the remainder when 11375 is divided by 10410.
965
Calculate the remainder when 2503370 is divided by 4.
2
What is the remainder when 90690094 is divided by 10076675?
19
What is the remainder when 1384797 is divided by 8601?
36
Calculate the remainder when 520981 is divided by 27407.
248
Calculate the remainder when 17949603 is divided by 190953.
21
Calculate the remainder when 327973 is divided by 22428.
13981
What is the remainder when 103454311 is divided by 1157?
1156
What is the remainder when 25557826 is divided by 660?
646
What is the remainder when 609477 is divided by 817?
812
What is the remainder when 1871122 is divided by 161?
141
Calculate the remainder when 20747 is divided by 492.
83
What is the remainder when 58475 is divided by 19387?
314
Calculate the remainder when 168088 is divided by 195.
193
Calculate the remainder when 70580 is divided by 5876.
68
Calculate the remainder when 11786536 is divided by 623.
622
What is the remainder when 2218518 is divided by 350?
218
What is the remainder when 227531 is divided by 69?
38
What is the remainder when 499108 is divided by 1014?
220
Calculate the remainder when 9592270 is divided by 499.
492
Calculate the remainder when 497664 is divided by 256.
0
Calculate the remainder when 13900028 is divided by 1540.
1528
Calculate the remainder when 1688651 is divided by 1386.
503
Calculate the remainder when 321951 is divided by 321433.
518
What is the remainder when 1540255 is divided by 93?
82
What is the remainder when 42230088 is divided by 248?
152
What is the remainder when 57995057 is divided by 1812345?
17
Calculate the remainder when 16891346 is divided by 9983.
110
What is the remainder when 3559212 is divided by 35951?
63
What is the remainder when 152758 is divided by 10097?
1303
Calculate the remainder when 142295 is divided by 7485.
80
What is the remainder when 15031734 is divided by 29590?
14
Calculate the remainder when 3358999 is divided by 2769.
202
What is the remainder when 10548127 is divided by 29464?
15
Calculate the remainder when 272423667 is divided by 382.
367
What is the remainder when 664564 is divided by 28?
12
What is the remainder when 6845902 is divided by 651?
637
What is the remainder when 13489650 is divided by 575?
150
What is the remainder when 115362 is divided by 14413?
58
Calculate the